{"id":40,"date":"2017-04-05T15:33:42","date_gmt":"2017-04-05T13:33:42","guid":{"rendered":"http:\/\/orusthem.elji.info\/?page_id=40"},"modified":"2024-03-23T13:26:11","modified_gmt":"2024-03-23T12:26:11","slug":"bli-medlem","status":"publish","type":"page","link":"https:\/\/orustteaterforening.se\/index.php\/bli-medlem\/","title":{"rendered":"Bli medlem"},"content":{"rendered":"<p><a name=\"_GoBack\"><\/a>Vill du vara med och spela teater? Eller vill du p\u00e5 andra s\u00e4tt delta i v\u00e5ra f\u00f6rest\u00e4llningar och i v\u00e5r verksamhet? Eller vill du mer passivt st\u00f6dja v\u00e5r verksamhet, med m\u00f6jlighet att p\u00e5verka och h\u00e5lla dig informerad?<\/p>\n<p>Vi v\u00e4lkomnar alla teaterintresserade som nya medlemmar, oavsett \u00e5lder och tidigare erfarenhet.<\/p>\n<p>Vi g\u00f6r det mesta sj\u00e4lva i v\u00e5ra upps\u00e4ttningar, s\u00e5 f\u00f6rutom sk\u00e5despelare beh\u00f6ver vi musiker, ljud- och ljustekniker, scenarbetare, manusf\u00f6rfattare, smink\u00f6ser, kl\u00e4dskapare, serveringspersonal, hantverkare av olika slag\u2026 Ja, det \u00e4r inte bara sk\u00e5despelarroller som skall bes\u00e4ttas!<\/p>\n<p>Medlemsavgiften \u00e4r 150:-\/\u00e5r. Barn och ungdomar upp till 15 \u00e5r betalar 50:-\/\u00e5r.<\/p>\n<p>Enklast blir du medlem genom att maila namn, adress, tel. och mailadress till Eva H\u00f6gmark, <a href=\"mailto:evahogmark@msn.com\">evahogmark@msn.com<\/a><\/p>\n<p>Samtidigt s\u00e4tter du in medlemsavgiften p\u00e5 v\u00e5rt bankgirokonto 350-5393.<\/p>\n<p>Vill du ha ytterligare information s\u00e5 ringer du v\u00e5r kontaktperson och kass\u00f6r Eva H\u00f6gmark 0706-01 34 28.<\/p>\n","protected":false},"excerpt":{"rendered":"<p>Vill du vara med och spela teater? Eller vill du p\u00e5 andra s\u00e4tt delta i v\u00e5ra f\u00f6rest\u00e4llningar och i v\u00e5r verksamhet? Eller vill du mer passivt st\u00f6dja v\u00e5r verksamhet, med m\u00f6jlighet att p\u00e5verka och h\u00e5lla dig informerad? Vi v\u00e4lkomnar alla teaterintresserade som nya medlemmar, oavsett \u00e5lder och tidigare erfarenhet. Vi g\u00f6r det mesta sj\u00e4lva i [&hellip;]<\/p>\n","protected":false},"author":13,"featured_media":0,"parent":0,"menu_order":0,"comment_status":"closed","ping_status":"closed","template":"","meta":{"_et_pb_use_builder":"off","_et_pb_old_content":"<p><a name=\"_GoBack\"><\/a>Vill du vara med och spela teater? Eller vill du p\u00e5 andra s\u00e4tt delta i v\u00e5ra f\u00f6rest\u00e4llningar och i v\u00e5r verksamhet? Eller vill du mer passivt st\u00f6dja v\u00e5r verksamhet, med m\u00f6jlighet att p\u00e5verka och h\u00e5lla dig informerad?<\/p><p>Vi v\u00e4lkomnar alla teaterintresserade som nya medlemmar, oavsett \u00e5lder och tidigare erfarenhet.<\/p><p>Vi g\u00f6r det mesta sj\u00e4lva i v\u00e5ra upps\u00e4ttningar, s\u00e5 f\u00f6rutom sk\u00e5despelare beh\u00f6ver vi musiker, ljud- och ljustekniker, scenarbetare, manusf\u00f6rfattare, smink\u00f6ser, kl\u00e4dskapare, serveringspersonal, hantverkare av olika slag\u2026 Ja, det \u00e4r inte bara sk\u00e5despelarroller som skall bes\u00e4ttas!<\/p><p>Medlemsavgiften \u00e4r 100:-\/\u00e5r. Barn och ungdomar upp till 15 \u00e5r betalar 50:-\/\u00e5r.<\/p><p>Enklast blir du medlem genom att maila namn, adress, tel. och mailadress till Kurt Olsson, <a href=\"mailto:kurtosvald@gmail.com\">kurtosvald@gmail.com <\/a><\/p><p>Samtidigt s\u00e4tter du in medlemsavgiften p\u00e5 v\u00e5rt bankgirokonto 350-5393.<\/p><p>Vill du ha ytterligare information s\u00e5 ringer du v\u00e5r kontaktperson och kass\u00f6r Kurt Olsson 0304-47376.<\/p>","_et_gb_content_width":"","ngg_post_thumbnail":0,"footnotes":""},"class_list":["post-40","page","type-page","status-publish","hentry"],"_links":{"self":[{"href":"https:\/\/orustteaterforening.se\/index.php\/wp-json\/wp\/v2\/pages\/40","targetHints":{"allow":["GET"]}}],"collection":[{"href":"https:\/\/orustteaterforening.se\/index.php\/wp-json\/wp\/v2\/pages"}],"about":[{"href":"https:\/\/orustteaterforening.se\/index.php\/wp-json\/wp\/v2\/types\/page"}],"author":[{"embeddable":true,"href":"https:\/\/orustteaterforening.se\/index.php\/wp-json\/wp\/v2\/users\/13"}],"replies":[{"embeddable":true,"href":"https:\/\/orustteaterforening.se\/index.php\/wp-json\/wp\/v2\/comments?post=40"}],"version-history":[{"count":23,"href":"https:\/\/orustteaterforening.se\/index.php\/wp-json\/wp\/v2\/pages\/40\/revisions"}],"predecessor-version":[{"id":5806,"href":"https:\/\/orustteaterforening.se\/index.php\/wp-json\/wp\/v2\/pages\/40\/revisions\/5806"}],"wp:attachment":[{"href":"https:\/\/orustteaterforening.se\/index.php\/wp-json\/wp\/v2\/media?parent=40"}],"curies":[{"name":"wp","href":"https:\/\/api.w.org\/{rel}","templated":true}]}}